{"id":619,"date":"2016-05-03T13:26:45","date_gmt":"2016-05-03T13:26:45","guid":{"rendered":"http:\/\/fed-fede.ca\/fr\/?page_id=619"},"modified":"2016-05-03T15:39:05","modified_gmt":"2016-05-03T15:39:05","slug":"memoire-de-la-federation","status":"publish","type":"page","link":"https:\/\/fed-fede.ca\/fr\/memoire-de-la-federation\/","title":{"rendered":"M\u00e9moire de la f\u00e9d\u00e9ration"},"content":{"rendered":"<p>Suite aux \u00e9lections f\u00e9d\u00e9rales de 2015 la F\u00e9d\u00e9ration des p\u00eacheurs ind\u00e9pendants du Canada a pr\u00e9sent\u00e9 ses recommandations au nouveau ministre des p\u00eaches l\u2019Honorable Hunter Tootoo.<\/p>\n<p><a href=\"http:\/\/fed-fede.ca\/wp-content-fed\/uploads\/2015\/09\/M\u00e9moireFRfinal_160210.pdf\">Cliquez ici pour acc\u00e9der au m\u00e9moire de la f\u00e9d\u00e9ration<\/a><\/p>\n","protected":false},"excerpt":{"rendered":"<p>Suite aux \u00e9lections f\u00e9d\u00e9rales de 2015 la F\u00e9d\u00e9ration des p\u00eacheurs ind\u00e9pendants du Canada a pr\u00e9sent\u00e9 ses recommandations au nouveau ministre des p\u00eaches l\u2019Honorable Hunter Tootoo. Cliquez ici pour acc\u00e9der au m\u00e9moire de la f\u00e9d\u00e9ration<\/p>\n","protected":false},"author":3,"featured_media":0,"parent":0,"menu_order":0,"comment_status":"closed","ping_status":"closed","template":"","meta":{"footnotes":""},"class_list":["post-619","page","type-page","status-publish","hentry"],"_links":{"self":[{"href":"https:\/\/fed-fede.ca\/fr\/wp-json\/wp\/v2\/pages\/619","targetHints":{"allow":["GET"]}}],"collection":[{"href":"https:\/\/fed-fede.ca\/fr\/wp-json\/wp\/v2\/pages"}],"about":[{"href":"https:\/\/fed-fede.ca\/fr\/wp-json\/wp\/v2\/types\/page"}],"author":[{"embeddable":true,"href":"https:\/\/fed-fede.ca\/fr\/wp-json\/wp\/v2\/users\/3"}],"replies":[{"embeddable":true,"href":"https:\/\/fed-fede.ca\/fr\/wp-json\/wp\/v2\/comments?post=619"}],"version-history":[{"count":5,"href":"https:\/\/fed-fede.ca\/fr\/wp-json\/wp\/v2\/pages\/619\/revisions"}],"predecessor-version":[{"id":629,"href":"https:\/\/fed-fede.ca\/fr\/wp-json\/wp\/v2\/pages\/619\/revisions\/629"}],"wp:attachment":[{"href":"https:\/\/fed-fede.ca\/fr\/wp-json\/wp\/v2\/media?parent=619"}],"curies":[{"name":"wp","href":"https:\/\/api.w.org\/{rel}","templated":true}]}}

Mémoire de la fédération

<p>Suite aux élections fédérales de 2015 la Fédération des pêcheurs indépendants du Canada a présenté ses recommandations au nouveau ministre des pêches l’Honorable Hunter Tootoo.</p>
<p><a href="http://fed-fede.ca/wp-content-fed/uploads/2015/09/MémoireFRfinal_160210.pdf">Cliquez ici pour accéder au mémoire de la fédération</a></p>

<p>Suite aux élections fédérales de 2015 la Fédération des pêcheurs indépendants du Canada a présenté ses recommandations au nouveau ministre des pêches l’Honorable Hunter Tootoo. Cliquez ici pour accéder au mémoire de la fédération</p>
